 the tens digit of y?
6
Suppose 107*n + 0*n + 29648 = 997891. What is the units digit of n?
9
Let s = -444 + 470. Suppose s*r = -16*r + 46242. What is the units digit of r?
1
Let c = 1467 - 878. Suppose 2*z + z = 3*h + 1755, 0 = z - 3*h - c. What is the tens digit of z?
8
Let s(w) = -26*w - 21. Let d be s(-1). Suppose -2*f - d*i = -2064, -4*f = -3*f - 2*i - 1050. What is the hundreds digit of f?
0
Let t(b) = -5*b - 33. Let g(p) = 11*p + 67. Let x(z) = 4*g(z) + 9*t(z). Let d be x(-19). What is the tens digit of (-2228)/d + (-56)/70?
2
What is the ten thousands digit of -2*((-686595)/42 + -11)?
3
Suppose -52306*x = -52292*x - 43610. What is the units digit of x?
5
Let t(w) = w**3 + 3*w + 5. Let v be t(-5). Let k = -211 - v. Let r = k - -176. What is the units digit of r?
0
Suppose -4*a - 9 = -5, 0 = 5*x + 4*a + 19. Let g be (-16)/x*(-9)/(-3). Suppose j = -2*u + 11, -3*u = -j - 4*u + g. What is the tens digit of j?
2
Let t(n) = 3*n**3 + 3*n**2 + 4*n - 8. Let o be (-5 + 2)*30/(-18). Let b be t(o). Suppose -b = -6*l - l. What is the tens digit of l?
6
Suppose -12*m + 118549 = -223619. What is the ten thousands digit of m?
2
Suppose 5*g = -3*r - 12072 + 240845, -2*g = r - 91509. What is the hundreds digit of g?
7
Let p = 30353 + -3371. What is the tens digit of p?
8
Suppose -966 = -2*a + 2*p, 0 = -4*a + 3*p + 96 + 1838. Suppose 0 = 5*k - 650 - a. What is the units digit of k?
7
Suppose -177*s = -179*s + 11088. What is the units digit of s?
4
Let v = 3994 + -3466. What is the tens digit of v?
2
Let p be (-9)/(-3) - 7/((-35)/(-4055)). Let m = 1176 + p. What is the tens digit of m?
6
Let f(b) = 22*b + 1445. What is the tens digit of f(53)?
1
Suppose 14*i + 39*i - 1113 = 0. Let h(a) be the third derivative of a**5/60 - 7*a**4/12 - 23*a**3/6 - 2*a**2. What is the tens digit of h(i)?
2
Suppose -10*n + 883 - 8743 = 0. What is the tens digit of (-2)/((-12)/(-9))*n/9?
3
Suppose 15*x - 121*x = -902060. What is the units digit of x?
0
Let x be 630/21*(-41)/(-2). Suppose -x = 12*m - 7395. What is the tens digit of m?
6
Let i(r) = 62*r**2 + 104*r - 1403. What is the tens digit of i(13)?
2
Suppose 223868 = -23*b - 41*b + 2332284. What is the hundreds digit of b?
9
Let y be ((-837)/4)/((-48)/1792). Let f be (-4)/10 - (-1 - y/(-20)). What is the units digit of f/(-24) + 6/8?
7
Let l(v) = -81 + 31*v + 103 - 58 + 78*v. What is the hundreds digit of l(7)?
7
Suppose 11*r - 46754 = -5*k + 4232, -3*r = -18. What is the hundreds digit of k?
1
What is the ten thousands digit of (-56424)/22*(-759)/46?
4
Let h(r) = 26*r**2 + 45*r - 460. What is the units digit of h(15)?
5
Let c be ((-90)/(-150))/(((-2)/(-45))/2). Let m(t) = -14*t + 42*t - 21*t - 11*t - c. What is the tens digit of m(-11)?
1
Suppose 4*o = -33 + 269. Let u = 60 - o. Suppose -u = b - 76. What is the tens digit of b?
7
Let b be (-9)/15 + (-16)/(-10). Let r be ((-10)/(-4) - b)/(2/4). Suppose 0 = r*w - 5 - 13. What is the units digit of w?
6
What is the units digit of (9 + -12)/(30/(-174730))?
3
Let x be ((-422)/3)/((-20)/30). Let c = x - 77. What is the hundreds digit of c?
1
Let r(l) = l**2 + 22*l - 103. Let v = 126 + -154. What is the tens digit of r(v)?
6
Suppose 0 = 6*a - 52 - 206. Let q = -31 + a. Let y = 19 - q. What is the units digit of y?
7
Suppose 0 = -14*j + 3*j + 35068. What is the thousands digit of j?
3
Suppose 9*q - 4*q + 4*p - 90 = 0, -2*p = -4*q + 46. Suppose -q*g - 4021 + 16831 = 0. What is the hundreds digit of g?
9
Suppose i = -4, 3*x - 5*i = 2*x + 1005. What is the hundreds digit of (x/15)/(8/48)?
3
Suppose 0 = -k + 2*r + 3460, r - 4 = -r. What is the hundreds digit of k?
4
Let n = 470 + -289. Suppose 3*h + n = 4*a, 4*h = -0*h + a - 224. What is the units digit of (-10)/h + 6726/33 + 0?
4
Let b(p) = 443*p + 171. What is the units digit of b(7)?
2
Suppose 2*z - 2 = -10. Let k be (-2)/4*(-10 - z). Suppose k*n - 7*n = -108. What is the units digit of n?
7
Let a(t) = 186*t - 29. Let o be a(4). Let l = 1135 - o. What is the units digit of l?
0
Let z = -8 - -40. Let s = z + -2. Suppose -s*f = -33*f + 120. What is the tens digit of f?
4
Let x = -25655 + 37707. What is the hundreds digit of x?
0
Let f = 16547 + 4268. What is the hundreds digit of f?
8
Suppose 0 = -3*x + 78 - 39. Let m(a) = -a + 144. What is the tens digit of m(x)?
3
Suppose -3*i = -3*n - 330, -3*n = -5*i - 2*n + 566. Suppose y - 1364 = -3*y. Suppose 7*x - y - i = 0. What is the tens digit of x?
6
Let m = -949 - -664. Let a = 501 + m. What is the hundreds digit of a?
2
Let x = -7 + 7. Suppose -m + 4*m - 687 = x. Suppose 0 = -2*z + m - 85. What is the units digit of z?
2
Suppose -3*j = -0*j - 6. What is the tens digit of (21/(525/10))/(j/1190)?
3
Let q(v) be the first derivative of 19*v**6/60 - v**5/40 + v**4/12 + 17*v**3/3 + 15. Let x(a) be the third derivative of q(a). What is the units digit of x(1)?
3
Suppose -5*b + 15*r + 38621 = 19*r, 0 = -2*b - 4*r + 15458. What is the units digit of b?
1
Suppose -s = -4*j - 12854, -29*s + 30*s = 5*j + 12853. What is the hundreds digit of s?
8
Let h = -134506 - -223614. What is the thousands digit of h?
9
Suppose 0 = 5*k + 5*z - 570, 0 = -2*k + k - 5*z + 110. Let n = -38 + k. What is the tens digit of n?
7
Suppose 6*a - p - 26368 = 3*a, -2*p = 4*a - 35154. What is the hundreds digit of a?
7
Let x = -122 - -122. What is the hundreds digit of (x - 0) + -2 - (-201 + -2)?
2
Suppose -148*k + 141*k + 8638 = 0. Suppose -4*y - k = -6*y - 3*c, -4*c = 2*y - 1236. What is the units digit of y?
4
Let n = -103 + 100. What is the tens digit of (17/n)/(2/(-102))?
8
Let b(y) be the third derivative of -61*y**4/24 - 47*y**3/6 - y**2 - 44*y. What is the tens digit of b(-10)?
6
Let h = -258 + 1376. What is the hundreds digit of h?
1
Let x = 214 + 264. Let p = x - -5. What is the tens digit of p?
8
Let i(q) = -q - 23. Let g be i(-29). Suppose 0*h - 4*h = -60. What is the units digit of (-145)/h*g/(-2)?
9
Suppose 0 = -11*u + 4*u - 105. Let q = -131 + 141. What is the tens digit of u*(q/(-6) + -3)?
7
Let l = -7965 + 73745. What is the units digit of l?
0
Let y(h) = 2*h**2 + 9*h + 6. Let j = -50 - -59. Suppose -12*b + j*b = 12. What is the units digit of y(b)?
2
What is the thousands digit of (1*(-3)/9)/(6/54) - -6919?
6
Let d be 4/6 - (9205/(-3))/7. Let q = d - 60. What is the hundreds digit of q?
3
Let w = 63 - 23. Suppose -3*d + w = 2*d + 5*n, -n = 3*d - 14. Suppose -d*l = o - 6, -6 = l - 6*l - 3*o. What is the units digit of l?
3
Suppose 4*d - 2852 = 4*x, 3 + 1 = -4*x. Suppose -27*r + 29*r = d. What is the units digit of r?
6
Suppose m = 6*m + 5620. Let u = 2067 + m. What is the tens digit of u?
4
Let i = -15928 - -6162. What is the tens digit of 3/((-24)/i) - (-45)/(-60)?
2
Suppose 2*z + z + 9 = 0. Let m be 0 - ((1 - z) + -44). Let h = m + 6. What is the tens digit of h?
4
Let y = 93 - 90. Suppose -2*v = -a - 13, -3*v + 3*a + 12 = -y. Suppose s - 229 = -5*n, 5*s + v*n - 5*n = 1057. What is the hundreds digit of s?
2
Let c be 12/(-20) + (-68)/(-5). What is the hundreds digit of ((-1103)/4)/(((-13)/4)/c)?
1
Suppose 5*c = -d + 33113, -3*c + 66254 = 35*d - 33*d. What is the units digit of d?
3
Suppose 7*o + 151 = 144. What is the units digit of 14492/14 + o/7?
5
Let r(a) = 0 - 2 + 4 + 8 + 2*a. Let u be r(-5). Suppose 2*b + o - 6*o = 183, u = 3*b - 5*o - 287. What is the hundreds digit of b?
1
Let a(p) = -p + 1. Let v(q) = -10*q - 19. Let c(j) = 5*a(j) + v(j). Suppose 0 = -z + 3*h - 14, z + 29*h + 10 = 30*h. What is the units digit of c(z)?
6
Let f(q) = 3*q**3 + 3*q**2 + 3*q. Let u be f(-2). Let a be u/12 + (-9)/(-2). Suppose -s - 156 = -a*j, -5*j + s + 230 + 30 = 0. What is the tens digit of j?
5
Suppose 9 - 17 = 8*z. Let k(a) = -352*a**3 + a**2 + 2*a + 1. Let t be k(z). Suppose 53*i + t = 55*i. What is the hundreds digit of i?
1
Suppose 3*q - 270 = -258, 0 = -5*l + 2*q + 45872. What is the units digit of l?
6
Let t(a) = 224*a - 2380. What is the thousands digit of t(32)?
4
Suppose 0 = 14*x + 222 - 782. Suppose 5*a = 75 - 280. Let p = x - a. What is the units digit of p?
1
Suppose -22*i + 76 + 12 = 0. Suppose -60 = -i*u + 1636. What is the units digit of u?
4
Let n(j) = 2987*j**3 - 31*j**2 + 3*j + 4. What is the thousands digit of n(2)?
3
Let a(z) = 19*z**3 - 5*z**2 + 13*z + 26. What is the hundreds digit of a(6